- 2*t + v. What is the greatest common divisor of t and 26?
26
Let j = 30 - 28. Suppose b + 2 = -j*m, 9*m = -3*b + 6*m + 6. What is the highest common factor of 24 and b?
6
Let z(y) = -43*y**3 - 2*y - 3. Let d be z(-1). Calculate the greatest common divisor of d and 728.
14
Suppose -30*f - 60 = -33*f. Suppose 0 = h + 2*h + 24. Let l be (h/(-10))/(0 + (-2)/(-25)). What is the greatest common divisor of f and l?
10
Let k(v) = -v**3 + 13*v**2 - 15*v + 40. Let x be k(12). Suppose 4*z + c - 424 = 3*z, 3*z - 1279 = x*c. What is the highest common divisor of z and 17?
17
Let v be (-7)/(-70)*5 + (-5)/(-2). Let q be 100/(v*(-5)/(-60)). What is the highest common divisor of 25 and q?
25
Let l be (-10)/4*(-126)/5. Let n be 8*(-1 + l/12). Suppose -7*s + 8*s - 2*t - 16 = 0, 4*s + 2*t - n = 0. What is the greatest common factor of 110 and s?
10
Let i(h) = h**3 + 147*h**2 + 550*h - 3098. Let a be i(-143). Suppose -3*t - 2*s = -28, 0*s + 50 = 5*t + 5*s. What is the highest common divisor of a and t?
8
Let t(y) = -7 + 2*y**2 + 12*y - 4*y - 12*y**2 + 11*y**2. Let m be t(-10). What is the greatest common factor of m and 65?
13
Let w(f) = -844*f**3 + 14*f**2 - 5*f - 12. Let a be w(-2). Calculate the highest common factor of a and 166.
166
Let m = 2582 - 2384. Calculate the highest common factor of m and 126.
18
Suppose -105*w + 71*w + 73508 = 0. What is the greatest common divisor of w and 470?
94
Suppose 0 = -5*d - s - 48 + 420, 35 = 5*s. What is the highest common divisor of d and 5110?
73
Let c(z) = 9*z**2 + z - 3. Let d be c(2). Let u = 8967 - 8946. Calculate the greatest common divisor of d and u.
7
Let p = 2453 + -1677. Calculate the highest common factor of p and 2522.
194
Suppose -5*m - 7*w = -3*w - 1, -5*w = m + 4. Let d(u) = 34*u**2 - 4*u + 1. Let i be d(m). What is the highest common factor of 434 and i?
31
Suppose 3*t - 365 = -5*r, 7*r - 3*t = 3*r + 292. Suppose -6*b - r = -295. Calculate the highest common factor of 74 and b.
37
Let r be 9/117*-1 + (-13601)/(-377). Let g be -1*((-1 - 1) + 2). Suppose g = t + 5 - 1, 4*t + 160 = 3*d. Calculate the greatest common factor of r and d.
12
Suppose 0 = -3*v - 4*l + 96, -4*l + 9 = -7*l. What is the greatest common factor of v and 144?
36
Let a be ((-304)/6)/((-51)/((-100674)/(-28))). Calculate the greatest common factor of 152 and a.
76
Suppose 732 = 2*d + 3*j, 1420 = 4*d + 14*j - 19*j. Calculate the highest common factor of 144 and d.
72
Let w = -29862 - -30022. Let v = 57 + 7. Calculate the greatest common divisor of w and v.
32
Suppose 9 = -6*z - 9, -1091 = -4*k - 3*z. What is the highest common divisor of k and 325?
25
Let c = -392 - -396. Suppose 5*u - 2*a - 31 = 0, -u - a + c = 2. Calculate the greatest common factor of u and 135.
5
Suppose 2*m + 7*k - 2931 = 0, -6*k = -2*m - 5*k + 2891. What is the greatest common factor of 181 and m?
181
Suppose 391*j + 17682 - 80242 = 0. Calculate the greatest common factor of j and 11440.
80
Suppose -340 = -o + 5*t + 523, -4*t = -4*o + 3452. Let b = o + -742. Let i be ((-33)/9)/(2/(-6)). What is the greatest common factor of i and b?
11
Suppose a - 16*b + 15*b = 19, 0 = -5*a - 5*b + 135. Let z be -1 + -2 + 1173/a. What is the highest common divisor of 208 and z?
16
Let v(n) = 31*n - 3035. Let i be v(113). What is the greatest common factor of 396 and i?
36
Let x be (-3*2/9)/((-12)/468). Suppose -25*v - x*v = -561. Calculate the greatest common divisor of 1122 and v.
11
Let v = -164 - -333. Suppose -c = -5*c + j + v, -127 = -3*c + j. Suppose 5*x - 354 = k, 3*x = -2*x + 5*k + 370. Calculate the highest common divisor of c and x.
14
Let n(x) = x**2 + 27*x - 59. Let i be n(-29). Let g be (-33)/(-3) + (-7 - i). Calculate the greatest common divisor of 40 and g.
5
Suppose -20*k + 20614 - 4594 = 0. Calculate the greatest common divisor of 27 and k.
9
Let c be (0 - 2) + 2 + -1 + 5. Let b be 4 + -202*c/(-8). Calculate the greatest common divisor of b and 30.
15
Suppose -10425 = 14*z + z. Let o = 1103 + z. What is the greatest common factor of o and 48?
24
Suppose -3 = -2*u - u + a, 5*a - 3 = -3*u. Let q(v) = 13*v - 9. Let s be q(u). Calculate the greatest common factor of 32 and s.
4
Suppose 4*f - 6*f + 60 = 0. Let z(p) = -2*p**2 + 13*p - 6. Let t be z(6). Suppose 2*v - 32 - 58 = t. Calculate the greatest common factor of v and f.
15
Let x(z) = -6*z**2 + 163*z - 18. Let r be x(27). Suppose -r*l = 2*o - 14*l - 222, -4 = -2*l. What is the greatest common divisor of o and 4?
4
Let y(t) = 644*t + 3879. Let d be y(-6). What is the highest common divisor of 11805 and d?
15
Suppose 3*t - 6933 = -6*l, 3565 = 5*l + t - 2217. What is the highest common divisor of 221 and l?
13
Let l be (18/36)/((-2)/(-20)). Suppose -l*n = -218 - 162. What is the greatest common divisor of n and 190?
38
Let f be (-50008)/(-141)*144/21. Calculate the highest common factor of f and 57.
19
Suppose -f = 3*z + 1, -23 + 18 = -f - z. Let m be (-15366)/(-15) - ((-28)/(-20) - 1). Calculate the highest common divisor of m and f.
8
Let w(v) = 7*v**3 + 3*v**2 + 60*v + 34. Let u be w(8). What is the greatest common factor of u and 260?
130
Suppose 2*z = -j + 246, 0 - 3 = -z. Let d = 582 - j. Let k be (-1)/4 + d/24. What is the greatest common divisor of 84 and k?
14
Suppose 13*h - 3509 = 37760 - 3790. Calculate the greatest common divisor of 186 and h.
93
Suppose 0 = 4*r - 4*j - 36, -3*r + 59 - 16 = 5*j. Let t be (272/17)/(-1 + (1 - -2)). Suppose t*y + 242 = 19*y. Calculate the highest common divisor of y and r.
11
Suppose -27*u + 65588 = -23*u + 8*k, 2*u = 5*k + 32749. Calculate the greatest common divisor of 7 and u.
7
Let c be 3/5 - ((-3288)/120 - 11). What is the greatest common factor of 411 and c?
3
Let w = 513 - 303. Let c(u) = u**3 + 7*u**2 + 59*u + 360. Let d be c(-6). Calculate the greatest common factor of w and d.
42
Let m(s) = 1894*s - 338. Let p be m(2). Calculate the highest common divisor of 92 and p.
46
Suppose 600 + 94 = 21*h - 482. Calculate the greatest common factor of 721 and h.
7
Let j = -930 - -1126. Let d = 1 + 15. Suppose 33 + d = a. What is the highest common factor of a and j?
49
Suppose 0 = 3*z + 2*z - 600. Let o = 31554 + -31530. What is the highest common divisor of o and z?
24
Let x = -276 + 8586. What is the greatest common divisor of x and 6?
6
Let c be (-40)/(-22) + (-12)/(-66). Suppose 516 - 585 = -36*l + 1191. Calculate the highest common divisor of c and l.
1
Let n(t) = t + 1. Let z be n(5). Suppose z*u - 152 = -14. Let k(i) = 8*i - 39. Let l be k(u). What is the greatest common divisor of l and 58?
29
Suppose -5*l + 9536 = 2*a - 3*a, -3*a + 9552 = 5*l. What is the greatest common factor of l and 18?
18
Let w(o) = 8*o + 39. Suppose 2*n = 8 - 40. Let c be w(n). Let k = 114 + c. Calculate the highest common divisor of k and 25.
25
Let w(h) = -46*h + 15 + 83*h - 33 - 47*h. Let b be w(-5). What is the greatest common divisor of b and 48?
16
Let a = -153 + 189. Let s(f) = -f**2 - 3*f + 8. Let m be s(-4). Suppose -5*c = -m*y + 201, 2*y - 93 = -c + 6*c. What is the highest common divisor of y and a?
18
Suppose 0 = 2*k + 3*b - 53967, 3*k + b - 69514 = 11447. What is the greatest common factor of 24 and k?
12
Let u be (-30)/(-9)*(-10 - (-59)/5). Suppose u*b - 4*h = 5*b + 18, 3*h = b - 19. Calculate the greatest common divisor of 1034 and b.
22
Suppose 18*s - 688 = 896. Calculate the greatest common divisor of 88 and s.
88
Let n(x) = -x**2 + 27*x + 1175. Let v be n(50). Calculate the greatest common factor of v and 13675.
25
Let b(i) = i**2 - 36*i + 362. Let v be b(19). Let h = -25 + 29. Suppose 0 = -x - 2*j + 54, h*x - j = -0*j + 207. What is the greatest common divisor of v and x?
13
Let b = -885 - -888. Suppose 3*u - d = 1513, b*d - 363 - 1146 = -3*u. What is the greatest common divisor of u and 8?
8
Let x(b) = -2*b**3 + 35*b**2 - 76*b + 18. Let o be x(15). What is the highest common divisor of 1437 and o?
3
Let h(n) = n**3 + 10*n**2 + 14*n + 27. Let r be h(-7). What is the highest common divisor of 98 and r?
2
Let o(p) = 128*p**2 - 4*p + 2. Let u be o(1). Calculate the greatest common divisor of 27 and u.
9
Let j(k) = k**3 - 5*k**2 + k - 7. Let x be j(5). Let i be (-132)/16 + (1/(-3))/((-96)/72). Let w = x - i. Calculate the highest common factor of w and 4.
2
Suppose 2556 = 2*n